by 30?
26
Let s = 14 + -4. Calculate the remainder when 19 is divided by s.
9
Let w be 1 + 7 - (1 + 1). Let h = w - -14. Calculate the remainder when h is divided by 7.
6
Let c = 18 + -13. Calculate the remainder when 19 is divided by c.
4
Suppose 5*w - 18 - 22 = 0. Suppose z - 2*c + 10 = 0, -5*z + 4*c - 4 = 16. What is the remainder when w is divided by 5 - (z/(-1) - -2)?
2
Suppose -8 = -4*k - 0*k. Calculate the remainder when k is divided by 2.
0
Let a(k) = -4*k**2 + 5*k + 4. Let o(j) = j**2 + j + 1. Let i(q) = -a(q) + 4*o(q). What is the remainder when 19 is divided by i(1)?
5
Suppose -8 = y - 4*h, 2*y - 3 = 3*h + 1. What is the remainder when 47 is divided by y?
7
Suppose 0 = 2*l - 62 + 6. What is the remainder when 12*(1036/16)/7 is divided by l?
27
Suppose -4*w - 125 = -4*i - 3*w, -5 = w. Suppose -g + 54 = o, -o + 178 = 3*g - 2*o. What is the remainder when g is divided by i?
28
Suppose 0 = c + 4*c + 60. What is the remainder when 0/c - (1 - 73) is divided by 25?
22
Let m be 147/(-35) - (-2)/10. Let x be (6/m)/(6/104). Let y = 49 + x. What is the remainder when y is divided by 12?
11
Let d(u) = u + 17. Let b be d(7). Let x = -21 + b. Calculate the remainder when 8 + (0/2)/1 is divided by x.
2
Let u(t) = -3*t + 39. What is the remainder when 32 is divided by u(10)?
5
Calculate the remainder when 62 is divided by ((-4)/3)/(1 - (-52)/(-48)).
14
Let q be (-72)/16*(-752)/6. Suppose 5*y - 4*c + 143 = q, c = y - 85. Calculate the remainder when y is divided by 14.
11
Suppose 0 = 4*x - 4*d - 2 + 6, -3*x - 5*d - 19 = 0. Let c be (-80)/12 + (-2)/x. What is the remainder when 5 is divided by (-22)/c + (-5)/(-15)?
1
Let q(y) = y**2 - 14*y - 6. What is the remainder when 24 is divided by q(15)?
6
What is the remainder when 26 is divided by 39/(-65) - (-43)/5?
2
Let z be (-5 - -2)/((-3)/8). Let w = 10 + z. Calculate the remainder when 69 is divided by w.
15
Let u = 14 - 6. Calculate the remainder when 29 is divided by u.
5
Let c be 6/3 + (-3 - 1). What is the remainder when (1 - 1)/c + 22 is divided by 6?
4
Let t(m) = -m**3 - 2*m**2 + 4 - 2 + 0*m**3 - m. Suppose 7 - 34 = -z. What is the remainder when z is divided by t(-3)?
13
Let v(f) = 2*f**2 + 2*f + 9. Let t = 39 + -21. Calculate the remainder when v(-6) is divided by t.
15
Let p = 60 - 47. Let l(q) = q**2 + q + 4. Let z be l(0). Suppose -2*i + 72 = -4*t, 0 = z*i + t - 6*t - 147. Calculate the remainder when i is divided by p.
12
Let q = 81 - 31. What is the remainder when q is divided by 19?
12
Suppose 2*x + 17 = 3*x. Suppose 32*h = 28*h + 20. What is the remainder when x is divided by h?
2
Let k be 1/(1 - (-357)/(-360)). Let j be (-2)/((-2)/k + 0). Suppose -3*q - 2*q + j = 0. Calculate the remainder when q is divided by 13.
11
Suppose -5*t - 14 = -4*o + 12, -2*o + 16 = -4*t. Let f(x) = -8*x**3 - x**2 - 2*x - 3. What is the remainder when f(t) is divided by 16?
13
Suppose 5*i = 3*i + 32. Let u(l) = -l**2 - 5*l - 2. Let z be u(-2). Suppose -z*j - 9 = -45. What is the remainder when i is divided by j?
7
Suppose -25 = -3*t - 2*t. Suppose f + 10 - 27 = 0. What is the remainder when f is divided by t?
2
Let r(s) = s + 1. Calculate the remainder when 3 + -4 + 26*1 is divided by r(8).
7
What is the remainder when 21 is divided by (-180)/(-16) + (-3)/(-4)?
9
Let p = -96 + 144. What is the remainder when 189 is divided by p?
45
Let l(d) = -71*d. Let p(a) = 2*a**2 - 29*a + 32. Calculate the remainder when l(-1) is divided by p(14).
17
What is the remainder when 1*(-192)/((-16)/4) is divided by 25?
23
Let g = -12 + 5. Let k = 10 + g. Calculate the remainder when 5 is divided by k.
2
Suppose -4*a + 139 = 2*n - 47, 195 = 4*a + 5*n. Calculate the remainder when a is divided by 0 - 1 - (1 + -26).
21
Suppose 10*u - 8 = 8*u. Suppose o = u*n + 46, 2*n + n = -9. What is the remainder when o is divided by 12?
10
Let r(u) = -22*u - 129. What is the remainder when 33 is divided by r(-6)?
0
Let w(s) = 2*s**2 + 7. Let k = 151 - 131. Calculate the remainder when w(-6) is divided by k.
19
Let p(x) be the first derivative of -x**4/4 + x**3 - x + 1. Let n be p(3). Let m = n + 5. What is the remainder when 11 is divided by m?
3
Let o(g) be the first derivative of -3*g**4/2 - 2*g**3/3 + g - 2. Suppose -23 = -d - 4*f, d = -f - 0*f + 8. Calculate the remainder when o(-1) is divided by d.
2
Calculate the remainder when -2 + (5/15)/((-3)/(-297)) is divided by 8.
7
Suppose -2*w + p - 2 = 5*p, 5*w = -4*p + 13. Suppose -12 = -t - t - 2*d, 4*t - 20 = -w*d. Let k = 1 - -5. Calculate the remainder when t is divided by k.
4
Let g = 104 + -42. Suppose 5*d - 13 = g. Let y = d - 3. Calculate the remainder when 22 is divided by y.
10
Let j(w) = 21*w - 1. Calculate the remainder when j(1) is divided by ((-44)/(-6))/((-12)/(-18)).
9
Suppose 4*m = 3*n - 0*n + 147, -5*m = 5*n - 210. What is the remainder when 151 is divided by m?
34
Let r be (3/(-5))/(3/(-30)). Calculate the remainder when 3/r + (-15)/(-2) is divided by 5.
3
Let t be -256*3/12*-10. Suppose r = -3*r - t. Let g = -78 - r. What is the remainder when g is divided by 28?
26
Let o = 2 - -1. Suppose 5*z - 52 + 7 = 0. What is the remainder when (-8)/(-2) - (-14 + o) is divided by z?
6
Let o(n) = -n**3 - 8*n**2 - 3*n - 6. Calculate the remainder when 68 is divided by o(-8).
14
Let h(m) = 2*m**3 - 5*m**2 - 3*m - 4. Suppose 2*c + 16 = 6*c. Calculate the remainder when h(c) is divided by (32/14)/(-8) + 363/21.
15
Suppose 0 = 3*u + 9, 4*u + 6 = 5*x + 2*u. Suppose 0 = 3*g - x*g - 69. Calculate the remainder when g is divided by 13.
10
Suppose -3*t - 900 = -0*o - 3*o, o = -5*t - 1476. What is the remainder when 3/(-2)*t/6 is divided by 19?
17
Let g = -15 + 89. Calculate the remainder when g is divided by 19.
17
Let d(u) = -6*u - 19. Suppose -2*z + 0*z + 91 = 3*w, w + z - 30 = 0. Calculate the remainder when w is divided by d(-6).
14
Suppose -3*v - 43 = 41. Let z = -16 - v. Let g = 53 + -31. What is the remainder when g is divided by z?
10
Suppose 4*g = -4*a + 244, 4*a - 137 = -2*g - a. Suppose -6*n + g = -2*n. Let s = -88 + 129. What is the remainder when s is divided by n?
13
Suppose -5*n + 290 + 160 = 0. What is the remainder when n is divided by 31?
28
Suppose 4*u + w - 65 = -u, 3*u + 5*w = 39. What is the remainder when 23 is divided by u?
10
Suppose -f = -2*f + 22. Calculate the remainder when f is divided by 0 + 5 + 3/3.
4
Let h(s) = 2*s**3 + s**2. Let b be h(1). Suppose q - 13 = -4*n, 2*q = -2*q + b*n + 52. What is the remainder when ((-12)/5)/(1/(-10)) is divided by q?
11
Suppose -6*x + 3*x + 48 = 0. What is the remainder when -3 + 48 + 0 + 1 is divided by x?
14
Let g(y) = 2*y + 3. Calculate the remainder when 23 is divided by g(1).
3
Let m(q) = 2*q + 4. Let j be m(6). Let x = 23 - j. What is the remainder when 18 is divided by x?
4
Let y(m) = -2*m**3 + 2*m**2 - 1. What is the remainder when y(-3) is divided by 15?
11
Suppose 0 = 3*t - 0*t + 3*s - 168, 12 = -4*s. What is the remainder when t is divided by 15?
14
Suppose -4 + 19 = c. Let s be (-2)/7 - (-32)/14. Suppose t + 22 = s*w - t, t = -3*w + 21. What is the remainder when c is divided by w?
7
Suppose -2*z = -u - 6, 4*u - 3 = 4*z - 11. Suppose -5 = -f - 0*f, -34 = -3*q - u*f. Suppose -13 = -m + 1. Calculate the remainder when m is divided by q.
6
Let j be (-552)/(-11) + (-10)/55. Suppose -j = -0*z - 5*z. Calculate the remainder when z is divided by 3.
1
Let x = 28 + -20. Calculate the remainder when x is divided by 2 + (0 - -5) + -2.
3
Suppose 27 = q + 5*v, 5*q + 4*v - 24 = 3*q. Suppose -30 = -t - q*t. Calculate the remainder when 17 is divided by t.
7
Let y = 15 - 9. Let c = -4 + y. Let m = 158 + -156. Calculate the remainder when m is divided by c.
0
Suppose -l - 17 = -u, 4*u - 96 + 34 = l. What is the remainder when 86 is divided by u?
11
Let u(s) = -s**3 + 8*s**2 - 5*s + 10. Let q be u(7). Suppose 0 = -b + q + 14. Calculate the remainder when b is divided by 20.
18
Let o be ((-6)/4)/((-3)/4). Suppose -o*p = -h - 27, -47 = -2*p + 5*h - 0*h. What is the remainder when p is divided by 6?
5
Let g(y) = y - 15. Let w be g(8). Let d(z) = z**3 + 7*z**2 - z. Calculate the remainder when 12 is divided by d(w).
5
Let h(x) = 12*x - 61. What is the remainder when h(7) is divided by 12?
11
Let s(x) = 11*x - x - 6*x - 5*x - 3. Calculate 